{"id":9526,"date":"2018-04-04T10:24:44","date_gmt":"2018-04-04T08:24:44","guid":{"rendered":"https:\/\/www.roumazeilles.net\/news\/fr\/wordpress\/?page_id=9526"},"modified":"2020-04-14T18:45:00","modified_gmt":"2020-04-14T16:45:00","slug":"data","status":"publish","type":"page","link":"https:\/\/www.roumazeilles.net\/news\/fr\/wordpress\/data\/","title":{"rendered":"Donn\u00e9es personnelles"},"content":{"rendered":"\n<p>Vos donn\u00e9es personnelles telles qu&rsquo;elles sont stock\u00e9es sur notre site web :<\/p>\n\n\n<p>[gdpruserdata text_notlogged=\u00a0\u00bbVous devez \u00eatre identifi\u00e9 pour acc\u00e9der \u00e0 ces informations\u00a0\u00bb]<\/p>\n<p>[gdpruserdata_download text=\u00a0\u00bbT\u00e9l\u00e9charger au format CSV\u00a0\u00bb text_notlogged=\u00a0\u00bbVous devez \u00eatre identifi\u00e9 pour acc\u00e9der \u00e0 ces informations\u00a0\u00bb]<\/p>","protected":false},"excerpt":{"rendered":"<p>Vos donn\u00e9es personnelles telles qu&rsquo;elles sont stock\u00e9es sur notre site web : [gdpruserdata text_notlogged=\u00a0\u00bbVous devez \u00eatre identifi\u00e9 pour acc\u00e9der \u00e0 ces informations\u00a0\u00bb] [gdpruserdata_download text=\u00a0\u00bbT\u00e9l\u00e9charger au format CSV\u00a0\u00bb text_notlogged=\u00a0\u00bbVous devez \u00eatre identifi\u00e9 pour acc\u00e9der \u00e0 ces informations\u00a0\u00bb]<\/p>\n","protected":false},"author":1,"featured_media":0,"parent":0,"menu_order":0,"comment_status":"closed","ping_status":"closed","template":"","meta":{"footnotes":""},"class_list":["post-9526","page","type-page","status-publish","hentry"],"_links":{"self":[{"href":"https:\/\/www.roumazeilles.net\/news\/fr\/wordpress\/wp-json\/wp\/v2\/pages\/9526","targetHints":{"allow":["GET"]}}],"collection":[{"href":"https:\/\/www.roumazeilles.net\/news\/fr\/wordpress\/wp-json\/wp\/v2\/pages"}],"about":[{"href":"https:\/\/www.roumazeilles.net\/news\/fr\/wordpress\/wp-json\/wp\/v2\/types\/page"}],"author":[{"embeddable":true,"href":"https:\/\/www.roumazeilles.net\/news\/fr\/wordpress\/wp-json\/wp\/v2\/users\/1"}],"replies":[{"embeddable":true,"href":"https:\/\/www.roumazeilles.net\/news\/fr\/wordpress\/wp-json\/wp\/v2\/comments?post=9526"}],"version-history":[{"count":0,"href":"https:\/\/www.roumazeilles.net\/news\/fr\/wordpress\/wp-json\/wp\/v2\/pages\/9526\/revisions"}],"wp:attachment":[{"href":"https:\/\/www.roumazeilles.net\/news\/fr\/wordpress\/wp-json\/wp\/v2\/media?parent=9526"}],"curies":[{"name":"wp","href":"https:\/\/api.w.org\/{rel}","templated":true}]}}